x) = x**2 - 16*x - 43. Let a be y(f). Suppose 4*z = a*z - 240. What is the greatest common divisor of z and 8?
8
Let h = 3147 - 3095. What is the greatest common factor of h and 858?
26
Suppose 2*k + 9*d - 1112 = 12*d, -2789 = -5*k + 3*d. Suppose 0 = -7*v - 2*v + 387. Calculate the highest common factor of k and v.
43
Let p be 1/2 - (-39)/(-6). Let r be (2/p)/(1/(-21)). Suppose 1586 + 227 = 37*w. Calculate the greatest common divisor of r and w.
7
Let i(b) = -61*b - 6. Let m be i(-6). Let a be 3/((-940)/(-30) - 31). What is the greatest common factor of m and a?
9
Let b(w) = 13*w**2 + 18*w - 36. Let h be b(2). What is the highest common divisor of h and 402?
2
Let w(p) = 5*p**3 + 2*p**2 + 3*p - 2. Let o be w(5). Let k(r) = -r**2 + 159*r + 38428. Let s be k(-132). What is the highest common divisor of s and o?
16
Suppose 11*o = 237 + 5. Let k(z) = -z - 14. Let h be k(-4). Let f be (-1102)/h - 4/20. What is the greatest common factor of o and f?
22
Suppose 5*o = 4*q - 1535, -4*o - 8*q + 3*q = 1228. Let l = -79 - o. Calculate the greatest common factor of 24 and l.
12
Suppose -8*d + 13*d + o - 979 = 0, 2*d + 2*o = 398. What is the highest common factor of 45 and d?
15
Let m(w) = 1728*w + 10910. Let j be m(-5). Calculate the highest common factor of j and 50.
10
Let k be 2 - 0 - (-2 - -2). Suppose -26 - 6 = -k*f. Let r(v) = v**3 + 8*v**2 - 5*v + 4. Let p be r(4). What is the greatest common factor of f and p?
16
Suppose -162*l + 11682 = -140*l. What is the greatest common divisor of 2301 and l?
177
Suppose -24*w - 133024 = -40*w - 25856. What is the highest common divisor of w and 34?
34
Suppose 2*d - 19 = 3*k, -5*d - 6*k = -3*k + 5. Let r = -9 + 63. Calculate the highest common factor of d and r.
2
Let h be 21/5 - (-52)/65. Suppose -2*p = h*w - 1636 - 111, p = -5*w + 876. Calculate the greatest common divisor of 26 and p.
13
Suppose -3*f - 527 + 941 = 0. Calculate the highest common divisor of f and 12.
6
Let w = 530 - -1360. Suppose -92*k = -78*k - w. What is the greatest common factor of 15 and k?
15
Suppose 0 = -15*m, 4*l - m + 2 + 6 = 8*l. Let j(c) be the first derivative of c**2 + 6*c - 1. Let b be j(l). Calculate the greatest common factor of b and 240.
10
Let m(u) = -4*u - 2. Let x be m(-1). Let t be 2/(-1) + x - 0/(-3). Suppose t = -b - 4 + 74. Calculate the greatest common factor of 10 and b.
10
Let o be (-285)/(-2)*(-2 - -4). Calculate the greatest common divisor of 2090 and o.
95
Let a(g) = 62*g - 4. Let f be a(3). Let y(b) = -1432*b + 25854. Let d be y(18). Calculate the highest common factor of d and f.
26
Let n(w) = 142*w**2 + 608 + w - 608 + 45*w**2. Let a be n(-1). What is the highest common factor of 6 and a?
6
Suppose 158 = 5*s + 2*m, 17 = 5*s - 3*m - 146. What is the greatest common factor of 184 and s?
8
Suppose -y + z = -26, 3*z + 1 = -2. What is the greatest common divisor of 8 and y?
1
Suppose 275 = 4*y + 5*q, 3*y + 20*q - 166 = 22*q. What is the highest common divisor of 222 and y?
6
Let m = -1653 + 2173. Calculate the highest common factor of m and 169.
13
Suppose 3*p + 129 = s, 133 = s + 53*p - 52*p. Calculate the greatest common factor of s and 84.
12
Suppose -3*i = -13 - 2. Let r be (-99)/(-15)*2/(2/i). Let b = 23 + -12. What is the highest common divisor of b and r?
11
Suppose w + 4*w = 240. Let c(q) = 270*q + 1684. Let o be c(-6). What is the greatest common divisor of w and o?
16
Let x be (2093 - 2090)*(-26)/(-3). Suppose 114 = 2*s + 5*t, 0 = -2*s - 3*t + 66 + 44. What is the highest common divisor of s and x?
26
Suppose -5*g - 65 - 49 = -4*a, 3*g + 2*a + 64 = 0. Suppose -6*q - 205 - 95 = 0. Let i = g - q. Calculate the highest common divisor of i and 308.
28
Let a be (-2 + -2)*5*6/(-8). Suppose 0 = -a*v - 31 + 136. Calculate the greatest common factor of v and 77.
7
Suppose -3*b = -0*b - 9. Suppose -4*d = 4*q - 20, 14*q + b*d = 13*q + 3. Calculate the greatest common factor of 66 and q.
6
Let s be 112 - (-6 + 2)*-1. Let f be 577/12 - (-8)/768*-8. Calculate the greatest common factor of f and s.
12
Let v be (-11)/(33/30) + (-96690)/(-11). What is the greatest common divisor of 40 and v?
20
Suppose 3*g = -4*s + 2, -9*s + 3*g = -4*s - 16. Suppose -28 = -13*o + 11*o - s*v, -29 = -2*o - 3*v. What is the highest common divisor of 91 and o?
13
Suppose 24 - 6 = 3*u. Let i = 1487 - 1468. Suppose u*o = 7*o + 3*l - i, -4*l = 4*o - 68. What is the greatest common factor of 112 and o?
16
Suppose -3*x - 5 - 26 = -y, 5*y - 65 = -3*x. Let v(k) = -2*k**2 - 22*k + 4736. Let p be v(-51). Calculate the highest common divisor of p and y.
16
Suppose 0 = -0*s + s - 2. Suppose q + s*q - 380 = 2*h, 0 = 2*h - q + 372. Let b = -49 - h. What is the greatest common divisor of b and 27?
27
Suppose -3*g - 12 = -54. Suppose 2*i - 5*i - 357 = 0. Let s = 133 + i. What is the highest common divisor of g and s?
14
Suppose 0 = -49*b + 8290 + 1020. What is the greatest common divisor of 171 and b?
19
Let x = 28269 + -23484. Calculate the greatest common factor of x and 22.
11
Let o(k) = -5*k**3 - 137*k**2 - 67*k - 16. Let z be o(-31). Calculate the greatest common divisor of 81 and z.
81
Let q be (-47)/282 - 2/(12/(-31)). Suppose 0 = -q*r + 146 - 41. Calculate the highest common divisor of 3 and r.
3
Let h = -61 + 61. Suppose h = -3*p + 5*y - 79, y + 3*y - 38 = p. Let b be (-2)/9 - 4666/p. Calculate the greatest common divisor of 37 and b.
37
Suppose w + 35 - 88 = 4*j, 2*w + 3*j - 62 = 0. Suppose 7 = -2*u + w. Suppose 2*p = -u + 99. What is the highest common divisor of p and 21?
21
Suppose 15 + 36 = 9*b + 6. What is the greatest common divisor of b and 2805?
5
Let d(g) = -g**3 - 20*g**2 + 3*g + 37. Let a be d(-20). Let x(i) = -3*i + 107. Let k be x(a). Calculate the highest common divisor of k and 16.
16
Suppose -75*v = -2*i - 73*v + 51406, 4*i - 5*v - 102815 = 0. What is the highest common factor of i and 100?
100
Suppose -174 + 8 = -15*q + 59. Let i = -7 + 11. Suppose -2*v = g - 112, -i*g = 2*v - 620 + 148. Calculate the greatest common divisor of g and q.
15
Suppose 0 = 3*m - 48 - 33. Let o be (-9)/(-216)*4*-6654. Let k = -1091 - o. Calculate the highest common divisor of k and m.
9
Suppose 0 = 18*u + 3*u - 42. Let j(r) = 49*r**2 - 4*r - 2. Let k be j(u). Calculate the highest common divisor of 6 and k.
6
Let w = -3089 - -4648. Suppose m - 54 = -5*z - 3*m, -4*z = -2*m - 64. Suppose z*h - w + 299 = 0. Calculate the greatest common divisor of 36 and h.
18
Let h = -5880 + 6132. What is the greatest common factor of h and 308?
28
Let z be 1/(-2)*(-19 - -1). Let d be (-20)/(-30) + 7116/(-9) + 1. Let a = 888 + d. What is the greatest common divisor of a and z?
9
Suppose 11*r - 30*r - 21*r + 1560 = 0. What is the greatest common factor of 114 and r?
3
Let x(n) = -2*n**3 + 130*n**2 - n + 121. Let d be x(65). Calculate the greatest common factor of d and 1876.
28
Suppose -5*n = a - 2, a + 45 - 57 = 5*n. Let d = 257 + -254. What is the highest common factor of d and a?
1
Let q = 444 + -440. Let g(p) = p**2 - 2*p - 19. Let z be g(9). Calculate the highest common factor of q and z.
4
Let v be (-404)/(-12) + 4/(-6). Suppose 5*o - 1 - 4 = 5*d, 0 = 3*d. Let n be (-5*o - 0)*(29 + -40). Calculate the highest common factor of n and v.
11
Let u(k) = 100*k**2 + 170*k + 1130. Let q be u(-7). Calculate the highest common divisor of q and 165.
55
Let o be -2 + 16/6 - 25/((-975)/8476). What is the highest common factor of o and 2?
2
Let d = 2 - 0. Suppose -120*n = -122*n - 564. Let w = -276 - n. What is the greatest common factor of w and d?
2
Let c = -4697 - -4757. What is the greatest common factor of 5004 and c?
12
Let t(d) = -2*d**3 + 4*d**2 + 2*d - 2. Let m be t(2). Let g be 5 - (8 + -16 - m). Calculate the greatest common divisor of g and 39.
3
Suppose 0 = -3*w - 6, 2*w + 0*w = -5*t + 86. Suppose 2*o - p = -3 + t, -25 = -3*o + p. Let h = 20 + 10. Calculate the highest common factor of h and o.
10
Let g be 826/(-42)*-9 + 9. Calculate the highest common divisor of 1178 and g.
62
Suppose -2*b - 5*s + 14 = 0, 5*b + 5*s - 10 - 10 = 0. Let w be b/8 + (-732)/48. Let a be (1/(12/w))/((-1)/12). What is the highest common factor of 45 and a?
15
Suppose 2*a - 800 = -2*t, 5*t + 295 = -2*a + 2283. Let f = 454 - t. Calculate the greatest common factor of f and 319.
29
Suppos